-5*k + 4*k + 95 = -2*i. What is the tens digit of k?
9
Let f = -4559 - -4945. What is the hundreds digit of f?
3
Suppose 181*q = 162*q + 95. Suppose -q*m - 4*t + 2384 = 0, -4*m + 5*m = 4*t + 496. What is the tens digit of m?
8
Suppose 214*a - 16 = 218*a. Let m(z) = -49*z - 32. What is the tens digit of m(a)?
6
Let y(q) = -q**3 + 20*q**2 - 20*q + 25. Let g be y(19). Suppose 0 = 2*f - 6 + g. Suppose -120 = -3*p - f*p. What is the tens digit of p?
4
Suppose 4*u - 159 = -19. What is the hundreds digit of (3 - u/11) + (-12288)/(-66)?
1
Let d(u) be the second derivative of u**3/3 - 7*u**2 + 10*u. Suppose 0*n - 4*a = -4*n + 76, -3*a + 111 = 5*n. What is the units digit of d(n)?
8
Let y = -3976 + 7095. What is the hundreds digit of y?
1
Let w = 36318 + -17200. What is the tens digit of w?
1
Let u(m) = 1013*m - 137. Let f be u(4). Suppose 0 = 4*r + r + 2*p - f, -5*r = -4*p - 3915. What is the hundreds digit of r?
7
Suppose -4*g - 74 = -f, -5*f + f + g + 266 = 0. Suppose 4*t - 8 = 0, -3*d - f = -d + 5*t. Let n = 100 - d. What is the hundreds digit of n?
1
Suppose 283805 = 39*v + 70164 - 69265. What is the hundreds digit of v?
2
Suppose -14*m = -171584 + 40670. What is the units digit of m?
1
Let w = 25645 + -6593. What is the units digit of w?
2
Let v(w) = -3032*w - 73. Let n(q) = -1519*q - 37. Let r(y) = -5*n(y) + 2*v(y). What is the hundreds digit of r(1)?
5
Let s(d) be the second derivative of -d**5/20 + 29*d**4/12 + 6*d**3 + d**2/2 - 55*d. What is the tens digit of s(29)?
4
Suppose 14*s - 16*s + 150 = 0. Suppose 9495 = -60*y + s*y. What is the hundreds digit of y?
6
Let p(s) = -4*s**2 - 21*s + 1. Let c be p(-5). Suppose -c*b = -0*b - 120. Suppose -b*n = -15*n - 50. What is the tens digit of n?
1
Let t(w) = 190*w**2 - 183*w - 23. What is the units digit of t(-11)?
0
Let f = -23742 - -38754. Suppose -95*q - f = -113*q. What is the units digit of q?
4
Let c(s) = s**3 - 3*s**2 + 5*s - 26. Let h be c(7). Suppose 0*z - 4*z = -k - 915, z - h = 5*k. What is the tens digit of z?
3
Suppose y + 3*d = -17, 70*y - 73*y = -2*d + 29. What is the tens digit of ((-1430)/(-20))/y*8/(-2)?
2
Let o be 4/14 - (-75)/7. Let r(j) = 42*j + 723. Let x be r(-17). What is the units digit of o - x - (-84 - -1)?
5
Let q be ((-30)/(-20))/((-3)/40). Let t = -15 - q. Let f(n) = 2*n**2 + 5*n + 9. What is the units digit of f(t)?
4
Suppose -120*i + 125*i - 20 = 0. What is the tens digit of -3*(i - 1732/12)?
2
Let p(d) be the first derivative of d**2 + 23*d + 16. Let n be p(-16). What is the units digit of 6*(-1)/n*894/4?
9
Let w(y) = 10*y**2 - 4 - 2*y**2 + 3*y**2 + y + 2*y. Let c be w(1). What is the tens digit of 0 - -1 - (c - 179)?
7
What is the tens digit of 39201 + (-9)/6*(-49 - -43)?
1
Suppose -69*v + 67*v = -1524. Suppose -5*q + 2*q = 3*c - v, -2*q + 253 = c. What is the hundreds digit of c?
2
Suppose 4*v = -2*g + 13760, -83*g + 2*v = -82*g - 6896. What is the hundreds digit of g?
8
Let m be (-20)/16 + 15/(-20). What is the units digit of m/10 - 3153/(-15)?
0
Let t be (4/12)/(5/15). Suppose 0 = h - 46 + t. What is the tens digit of h*(3 + (-33)/15)?
3
Suppose -3*h - h = -36. Let f be 2/h + 718/9. What is the tens digit of f/24*(-1 + 4)?
1
Let f = -2438 + 4427. Suppose 0 = 5*k + 4*g + f - 9113, -3*g + 7128 = 5*k. What is the hundreds digit of k?
4
Let l(x) = -1072*x - 3489. What is the units digit of l(-16)?
3
Let v(p) = 71*p**3 - 8*p**2 + p + 32. Let f be v(-5). What is the units digit of (-2 - (-22)/10) + f/(-10)?
5
Let j be 9*-4*12/(-16). Suppose v - 39 = -b, 10*v = 9*v + 2*b + j. What is the units digit of v?
5
Suppose 2*x = -3*x + 15. Suppose 5*t - 2*r = -14, -2*t + 4*r + 1 = -x. What is the tens digit of t/(-14) + 48/(-21) - -72?
7
Suppose 0 = 32*u + 9009 - 977. What is the tens digit of u/(4*5/(-40))?
0
Let t(j) = -35*j + 3. Let o be t(4). Let x = 142 + o. Suppose -9*i = -x*i - 268. What is the tens digit of i?
6
Suppose 6*r = 1589 - 563. Suppose -4*m - 985 = 5*a, -3*m - r = a + 576. What is the tens digit of m/(-4) - (-20)/(-40)?
6
Let u(l) = l**2 - 38*l + 77. Let i be u(36). Suppose -2*t + 1470 = -t - i*k, 0 = 5*k + 20. What is the tens digit of t?
5
Suppose -83 - 7 = -18*j. Suppose 40 = -j*x - 5*a, 0*a = 5*x + 3*a + 38. Let u = 23 - x. What is the units digit of u?
0
Suppose -3459 = -10*k + 3721. What is the units digit of k?
8
Suppose -3*q = 5*f - 28 - 1, -3*q - 7 = -4*f. Suppose -3*i = -5*j + 1397 + 116, -306 = -j + f*i. What is the tens digit of j?
0
Suppose 0 = 3*f + 6*s - 4*s - 3529, 3*s = -5*f + 5881. Let p = -481 + f. What is the units digit of p?
4
Let t = -50628 - -72336. What is the ten thousands digit of t?
2
Suppose 11*m + 1302 = 7825. Let p = -64 + m. What is the units digit of p?
9
Let l(b) = 1133*b + 617. What is the tens digit of l(17)?
7
Let m = 955 + 2740. What is the units digit of m?
5
Let a = -41 - -48. Suppose -a*l = -196 - 126. What is the tens digit of l?
4
Let f(v) = -v**3 + 16*v**2 - 9*v - 14. Let g(w) = 3*w - 8. Let k be g(5). Suppose 0 = -l + 5, -2*l = -3*h - k*l + 70. What is the tens digit of f(h)?
7
Suppose 35*d + 50*d - 266305 = 0. What is the units digit of d?
3
What is the units digit of (10401/(-4))/((567/(-36))/21) + -5?
2
Let a = 37353 - -14558. What is the thousands digit of a?
1
Suppose 3 = p - 2*g + 4*g, p = -3*g + 3. Let x(l) be the third derivative of 13*l**5/60 + l**4/8 + l**3/6 + 663*l**2. What is the hundreds digit of x(p)?
1
Suppose 0 = 7*x - 0*x + 21636 - 82221. What is the units digit of x?
5
Let t(y) = 4*y - 3. Let x be t(-13). Let f be ((-3)/(-5))/((-11)/x). Suppose -12 = -4*n, 0*i - 2*n = -f*i + 147. What is the tens digit of i?
5
Let x(j) = 4*j**2 + 15*j + 93. Let a(r) = r**2 + 5*r + 31. Let v(f) = -8*a(f) + 3*x(f). Let u = -794 + 788. What is the units digit of v(u)?
5
Suppose 125*i = 124*i + 5. Suppose i*g - 1887 + 552 = 0. What is the units digit of g?
7
Suppose 49*i - 44*i - 2*b = 3743, 4*i - b - 2992 = 0. What is the tens digit of i?
4
Suppose 2*r - 60 + 16 = -2*y, 70 = 5*r - 5*y. What is the hundreds digit of r/36 + (-1638)/(-4)?
4
Let v be 127/5 - 8/20. Let x be 85/25 + (-10)/v. Suppose 0 = -x*y - 15, -5*j = -0*y + 2*y - 670. What is the units digit of j?
6
Let k = -220 + 667. Suppose -3*y = -x - k, -2*y + 4*x + 302 = 2*x. What is the units digit of y?
8
Let y = 36 + 70. Let t = y + -30. Suppose 122 + t = 3*h. What is the tens digit of h?
6
Let y = -88 + 88. Suppose 9*o + 324 = 4*k + 4*o, -3*o = y. What is the units digit of k?
1
Suppose -4*y - 14977 = 2*x - 146603, 7*y + 4*x - 230342 = 0. What is the ten thousands digit of y?
3
Let i = -296 + 3503. Let q = i + -1951. What is the thousands digit of q?
1
Suppose 31*o - 44610 - 256710 = 0. What is the tens digit of o?
2
Let p(y) = -y**3 - 2*y**2 - 1. Let j be p(2). Let x be 5 + -2 - ((29 - -2) + -1). Let h = j - x. What is the units digit of h?
0
Let v = 21 - -427. Let j = -169 + v. What is the tens digit of j?
7
Let a(y) = -y + 13. Let d be a(16). What is the hundreds digit of 4 + d + 13608/9?
5
Let w(s) = 4*s**2 - 13*s + 9 - s**2 + 22 - 42. What is the hundreds digit of w(12)?
2
Let l(s) = -4339*s - 759. What is the units digit of l(-6)?
5
Let s = -51604 + 83701. What is the hundreds digit of s?
0
Let q(f) = -14*f**3 + 4*f**2 - 28*f - 62. What is the tens digit of q(-5)?
2
Let c(n) = -336*n + 1821. What is the thousands digit of c(-11)?
5
Let v be (-21 + 1)*4/(-8)*3. What is the units digit of 1526/10 - v/50?
2
Suppose 266*l + 626980 = 382*l. What is the units digit of l?
5
Let s(z) = 66*z - 25. Let u be s(5). Let t = u - -131. What is the hundreds digit of t?
4
Let c be (19/3)/(-4 - (-91)/21). Suppose c*u = 8*u + 88. What is the tens digit of u/(-16) + 2 + 19/2?
1
Suppose 0 = 4*y + 3*g - 124, -3*y + g + 4*g = -93. Let v = y - 36. What is the tens digit of v/(0 - 1*2/40)?
0
Suppose -472*f - 469*f + 76830 = -936*f. What is the ten thousands digit of f?
1
Let p(z) = -z**3 + 15*z**2 - 8*z + 59. What is the tens digit of p(11)?
5
Let o be ((-40)/88)/((-3)/33). Let a(n) = 7*n**3 - 5*n**2 + 3*n - 3. Let k be a(5). What is the tens digit of -1 - (-4)/o - k/(-10)?
7
Let f(w) = -w**3 - 7*w**2 - 7*w - 6. Let y be f(-6). Suppose 0 = -4*s + u - 91, 4*u - 41 = 2*s - u. What is the units digit of 171 + 0 + y + (s - -27)?
5
Suppose -4*o - o = 4*f - 4, 0 = o - 2*f + 2. Sup